{"id":4182,"date":"2013-09-24T08:12:22","date_gmt":"2013-09-24T08:12:22","guid":{"rendered":"http:\/\/demo.sacredpixel.com\/wp\/bigjunior\/?page_id=4182"},"modified":"2018-10-03T20:51:31","modified_gmt":"2018-10-04T01:51:31","slug":"page-office","status":"publish","type":"page","link":"https:\/\/trashbusters.com.co\/?page_id=4182","title":{"rendered":"Quienes Somos"},"content":{"rendered":"<p>&nbsp;<\/p>\n<div class=\"container \">\n    <div class=\"parallax\" style=\"background-image: url(http:\/\/trashbusters.com.co\/wp-content\/uploads\/2015\/11\/quienes_somos_trashbusters.jpg); height:370px\" data-xpos=\"50%\" data-speed=\"0.2\" >\n        \n    <\/div>\n    \n<p>&nbsp;<\/p>\n<p>&nbsp;<\/p>\n<h1>Quienes Somos<\/h1>\n<h6><hr class=\"color-accent-background hr-medium hr-margin-small hr-thick\" \/><\/h6>\n<p>&nbsp;<\/p>\n<p>Somos una Empresa Prestadora del Servicio p\u00fablico de aseo, que desde 1995 trabaja en bien del desarrollo sostenible de la isla de San Andr\u00e9s y su entorno mar\u00edtimo, limpi\u00e1ndola d\u00eda a d\u00eda, cuidando el ambiente, mejorando la calidad de vida de residentes y visitantes. Nos preocupamos por nuestra Reserva de Biosfera, colaboramos con las causas c\u00edvicas, sociales, culturales y deportivas de las Islas.<\/p>\n<p>&nbsp;<\/p>\n<p>&nbsp;<\/p>\n<\/div>\n<p>&nbsp;<\/p>\n<p>&nbsp;<\/p>\n","protected":false},"excerpt":{"rendered":"<p>&nbsp; &nbsp; &nbsp;<\/p>\n","protected":false},"author":1,"featured_media":0,"parent":0,"menu_order":0,"comment_status":"open","ping_status":"open","template":"full-width.php","meta":{"footnotes":""},"class_list":["post-4182","page","type-page","status-publish","hentry"],"_links":{"self":[{"href":"https:\/\/trashbusters.com.co\/index.php?rest_route=\/wp\/v2\/pages\/4182","targetHints":{"allow":["GET"]}}],"collection":[{"href":"https:\/\/trashbusters.com.co\/index.php?rest_route=\/wp\/v2\/pages"}],"about":[{"href":"https:\/\/trashbusters.com.co\/index.php?rest_route=\/wp\/v2\/types\/page"}],"author":[{"embeddable":true,"href":"https:\/\/trashbusters.com.co\/index.php?rest_route=\/wp\/v2\/users\/1"}],"replies":[{"embeddable":true,"href":"https:\/\/trashbusters.com.co\/index.php?rest_route=%2Fwp%2Fv2%2Fcomments&post=4182"}],"version-history":[{"count":6,"href":"https:\/\/trashbusters.com.co\/index.php?rest_route=\/wp\/v2\/pages\/4182\/revisions"}],"predecessor-version":[{"id":7893,"href":"https:\/\/trashbusters.com.co\/index.php?rest_route=\/wp\/v2\/pages\/4182\/revisions\/7893"}],"wp:attachment":[{"href":"https:\/\/trashbusters.com.co\/index.php?rest_route=%2Fwp%2Fv2%2Fmedia&parent=4182"}],"curies":[{"name":"wp","href":"https:\/\/api.w.org\/{rel}","templated":true}]}}